hat is the remainder when 9 is divided by ((-21)/42)/(1/(-6))?
0
Let a(l) = -l**3 - l**2 + 3. Let n be a(-6). Suppose -s = 3*z - 54, 2*s + 2*z = -s + n. Calculate the remainder when s is divided by 16.
15
Let c(i) = i**2 + i + 49. Let t be 5/10 + 2/(-4). What is the remainder when c(t) is divided by 17?
15
Suppose 3*j - 2 = 40. Calculate the remainder when 46 is divided by j.
4
Calculate the remainder when 35 - (16/(-6) - (-2)/(-6)) is divided by 13.
12
Let v = -142 - -270. Suppose -5*i + 102 = -v. Let y = 4 + 8. Calculate the remainder when i is divided by y.
10
Let w be 0 + -2 + 3 + 3. Suppose j - 17 = m, -4*j - 2*m + w*m = -64. Calculate the remainder when 3/((9/28)/3) is divided by j.
13
Suppose 0 = -5*v + 5*u + 40, u = -4*v - v + 34. Calculate the remainder when v is divided by 4.
3
Suppose -v + 2 = -2, 3*v + 24 = 3*j. Let o be (-43)/(-9) - 2/(-9). Suppose -181 = -5*z - 3*u, -z + u - o = -38. Calculate the remainder when z is divided by j.
11
Let k = -5 + 92. Suppose 3*i - 3*g = k, 2*i + g - 42 - 7 = 0. What is the remainder when i is divided by 14?
12
Let h(c) = -c**3 - 8*c**2 + 7*c. Let a = 69 + -35. Calculate the remainder when a is divided by h(-9).
16
Let x = -1 - -3. Suppose p = -x*a + 41, -4*a + 0 = -4*p - 88. Calculate the remainder when a is divided by 6.
3
Let g(l) = -l**2 - 5*l. Let b be g(-5). Suppose b = -0*z + 2*z - 5*j - 79, -215 = -5*z - 5*j. Calculate the remainder when z is divided by 11.
9
Suppose 0 = -b + 3*k + 20, -2*k - 11 - 11 = -b. Let j = 7 + -1. Suppose -j = -i + 3. Calculate the remainder when b is divided by i.
8
Let t be 52/(-3)*(-9)/(-6). Let l = 42 + t. Calculate the remainder when 29 is divided by l.
13
Let c = 41 - -5. Calculate the remainder when c is divided by (-63)/(-4) - (-3)/12.
14
Let t(x) = -5*x + 4. Let n(k) = 14*k - 12. Let z(q) = 2*n(q) + 7*t(q). Let m be z(6). Let p = m + 70. Calculate the remainder when p is divided by 17.
15
Calculate the remainder when 5 is divided by (-5)/10 + 9/2.
1
Suppose 4*j - 55 = 421. What is the remainder when j is divided by 30?
29
Let j(m) = m - 6. Let s be j(9). Suppose 0 = -s*f - 0*f - 5*k + 93, -31 = -f - 2*k. Calculate the remainder when f is divided by 8.
7
Let w(b) = 2 + 1 + 2 - 4 + 3*b. What is the remainder when 6 is divided by w(1)?
2
Suppose 0 = -2*t + 38 + 48. Calculate the remainder when t is divided by 15.
13
Suppose -259 = -3*o - 4*y, 2*o + 0*y - 172 = -2*y. Calculate the remainder when o is divided by 29.
27
Let c = -30 - -28. What is the remainder when 15 is divided by (-4)/(c/1 - -1)?
3
Let x(r) = r**2 - r - 2. Calculate the remainder when x(-2) is divided by 20/6 + (-3)/9.
1
Suppose -92 = -3*t - t. Let z be (212/16)/(3/24). Let f = -38 + z. Calculate the remainder when f is divided by t.
22
Suppose v = 2*v - 7. Calculate the remainder when v is divided by 6 + 40/(-5) - 8/(-2).
1
Let q = 43 + -29. What is the remainder when 51 is divided by q?
9
Suppose -2*u - 2*d = -6, -4*d - 4 = -2*u + 4*u. Let y be (2/4)/(2/4). Suppose -u = -m + y. Calculate the remainder when m is divided by 3.
0
Let r(z) = -z**2 + 16*z + 7. Let l be r(14). Suppose -3*w + 30 = -3*u, -2*w + u + l = 4*u. Calculate the remainder when 36 is divided by w.
10
Let v be -2 - -4*1*-1. Let r(s) = s**2 + s + 12. Calculate the remainder when 3*2/(v/(-23)) is divided by r(0).
11
Suppose -3*p - 5 = -4*p. Suppose -p*a + 10 = 5*x - 75, 5*a - 49 = 4*x. Let m = 3 - -2. What is the remainder when a is divided by m?
3
Let u be 1/7 + 58/(-14). Calculate the remainder when (-31 + 0)/(u/4) is divided by 11.
9
Let p = -27 + 42. Suppose -82 = -2*r - 2*f, -f + 10 - 95 = -2*r. What is the remainder when r is divided by p?
12
Let k(m) = 13*m**2 + 1. Let p(x) = x + 8. Let g be p(-6). Let i(w) = 11*w**2 - w - 1. Calculate the remainder when i(g) is divided by k(1).
13
Suppose -2 + 10 = 4*i. Suppose 0 = 4*j - n + 33 - 91, -3*j + 46 = -i*n. Calculate the remainder when -3*(-1)/6*j is divided by 4.
3
Let x = 39 - 27. Suppose -202 = -a - 40. Let h = a - 116. What is the remainder when h is divided by x?
10
Suppose -3*n + 147 = 4*w, 2*w - 118 - 68 = -4*n. What is the remainder when n is divided by 12?
9
Let z(f) = f**3 - 11*f**2 - 11*f + 10. What is the remainder when z(12) is divided by 1/(-3)*18*-1?
4
Let o(v) = v**2 - 20. What is the remainder when o(-7) is divided by 16?
13
Suppose -37*z + 31*z + 60 = 0. Calculate the remainder when 37 is divided by z.
7
Let n(w) = w**3 - 7*w**2 + 7*w + 12. Calculate the remainder when 63 is divided by n(6).
9
Let j = 25 - 15. Suppose 4*d - 6 = j. Suppose 0*a + d = 2*a. Calculate the remainder when 5 is divided by a.
1
Let f(i) = i + 23. Let x be 1*24*(-4)/(-6). Calculate the remainder when f(0) is divided by x/(-10)*45/(-6).
11
Let i = -9 + 11. Suppose i*t - 5 = 5. Calculate the remainder when t is divided by 1 + 6/1 + -3.
1
Let h(r) = 7*r**2 + 3*r - 2. What is the remainder when 61 is divided by h(2)?
29
Suppose 4*r = -2*a + 190, -47 = -2*r + 5*a + 78. What is the remainder when r is divided by 2/3 + 37/3?
11
Suppose -q + 3*q - 9 = -z, -11 = -3*q - 2*z. What is the remainder when 19 is divided by q?
5
Let g(k) = -4*k**2 - 2*k - 1. Let d = 3 - 5. Let f be g(d). What is the remainder when 24 is divided by (3 + -2)/((-1)/f)?
11
Let f(i) = -9*i - 15. What is the remainder when 87 is divided by f(-5)?
27
Suppose 5*x - 151 = -4*a, -a - 3*x = 3*a - 145. What is the remainder when a is divided by 18?
16
Calculate the remainder when 136/6 - (-4)/(19 + -7) is divided by 8.
7
Suppose -4*t + 56 = -3*k - 2*k, -25 = -5*t - 5*k. Suppose -h + 15 + 27 = 0. Calculate the remainder when h is divided by t.
6
Let a = 10 - 7. Suppose a*y = 7 + 5. What is the remainder when 6 is divided by y?
2
Let y = 31 - -206. What is the remainder when y is divided by 24?
21
Suppose -l + 9 = i, -19 = -0*i - i - 3*l. Suppose i*s + 0*s = 5*x + 22, 0 = 3*s - 3*x - 15. What is the remainder when 13 - 4/((-6)/s) is divided by 8?
7
Let l(z) = 5*z**2 - 4*z + 1. Let s(w) = w**2 - w. Let p(g) = l(g) - 4*s(g). Calculate the remainder when 39 is divided by p(3).
9
Suppose 36 = 3*r + j - 3*j, -4*r - j = -37. Calculate the remainder when 69 is divided by r.
9
Let t = 3 + 3. Let v(f) = f - 3. Let c be v(7). Let x = 12 + c. What is the remainder when x is divided by t?
4
Suppose -10*j = -6*j - 304. Calculate the remainder when j is divided by 21.
13
Let k = -27 + 38. Let m(l) = l**3 - 12*l**2 + 12*l + 5. What is the remainder when m(k) is divided by 9?
7
Let c(q) be the third derivative of -q**6/120 + 3*q**5/20 - 3*q**4/8 + 7*q**3/6 - q**2. What is the remainder when c(7) is divided by 22?
20
Suppose -2*a = 2*z - 22, 12 = -3*z - z. Calculate the remainder when a is divided by 5.
4
Let t(x) = 2*x + 4 - 10*x - 3. Let l = -28 + 77. What is the remainder when l is divided by t(-2)?
15
Let h be 1*(-2 + -2 + 1). Let y = 2 + h. Let v = y - -11. Calculate the remainder when v is divided by 3.
1
Let p = -11 + 23. Let r(u) = u - 1. Let i be r(4). Suppose -5*l + 14 = -i*l. What is the remainder when p is divided by l?
5
Let v = 440 - 281. Calculate the remainder when v is divided by 40.
39
Let q = -6 - -20. Calculate the remainder when 51 is divided by q.
9
Suppose 0 = 4*q - 9*q + 145. Let b be (-1 + 1)/(-2) + 34. Suppose -16 = -z - y, -b = -2*z - 3*y - y. What is the remainder when q is divided by z?
14
Let b = 14 - -1. Let z(r) = -r**3 - 3*r**2 - 3*r. Let s = -2 - 2. What is the remainder when z(s) is divided by b?
13
What is the remainder when 82 is divided by ((-192)/120)/((8/(-110))/2)?
38
Let g = -48 + 71. Let l = g - 0. Calculate the remainder when l is divided by 8.
7
Let u = -22 - -76. Calculate the remainder when u is divided by 14.
12
Let q = 15 + -6. Calculate the remainder when q is divided by 3.
0
Suppose 0 = 4*h - 2*t - 122, h - t - 35 = 4*t. Let k = 22 + -11. Calculate the remainder when h is divided by k.
8
Suppose -5*s - 4*m - 1 = -8, 3*s + 4*m = 1. Suppose -z - s*z + 52 = 0. Let d(v) = 26*v - 1. What is the remainder when d(1) is divided by z?
12
Suppose 0 = 2*b - 39 - 29. Suppose w = -5*n + 5 + 3, -2*w - n + b = 0. Let g = -11 + w. Calculate the remainder when 20 is divided by g.
6
Let r(c) = -2*c**2 + 5*c + 4 - 1 + 3*c**2 + 0*c**2. What is the remainder when 7 is divided by r(-5)?
1
Let g be 6/3 - (1 + 15). 